{"id":86,"date":"2020-10-06T08:52:01","date_gmt":"2020-10-06T08:52:01","guid":{"rendered":"https:\/\/api.the-bath-shop.com\/?page_id=3"},"modified":"2025-04-03T15:53:40","modified_gmt":"2025-04-03T14:53:40","slug":"impressum-agb","status":"publish","type":"page","link":"https:\/\/the-bath-shop.com\/impressum-agb\/","title":{"rendered":"Impressum &#038; AGB"},"content":{"rendered":"\n<h2 class=\"wp-block-heading\">Impressum<\/h2>\n\n\n\n<h4 class=\"wp-block-heading\">Verantwortlich<\/h4>\n\n\n\n<p>THE BATH SHOP AG<br>Strehlgasse 22<br>CH-8001 Z\u00fcrich&nbsp;<\/p>\n\n\n\n<p>Handelsregister-Nr.:&nbsp;CH-020.3.007.552-2<\/p>\n\n\n\n<p>Gerichtsstand: Z\u00fcrich<\/p>\n\n\n\n<h4 class=\"wp-block-heading\">Kontakt<\/h4>\n\n\n\n<p>E-Mail: info@the-bath-shop.com<br>Internet: the-bath-shop.com<\/p>\n\n\n\n<h4 class=\"wp-block-heading\">Website Entwicklung und Gestaltung<\/h4>\n\n\n\n<p><a href=\"https:\/\/utill.ch\" target=\"_blank\" rel=\"noreferrer noopener\">utill.ch<\/a><\/p>\n\n\n\n<h2 class=\"wp-block-heading\">Allgemeine Gesch\u00e4ftsbedingungen <\/h2>\n\n\n\n<p><strong>Preise<\/strong><br>Alle Preise sind freibleibend. Unsere Offerten sind 30 Tage ab Ausstellungsdatum g\u00fcltig.<br><br><strong>Eigentumsvorbehalt<\/strong><br>Die gelieferte Ware bleibt bis zur vollst\u00e4ndigen Bezahlung Eigentum von THE BATH SHOP AG.<br><br><strong>Lieferung<\/strong><br>Die Lieferung erfolgt per LKW oder Postpaket ans Domizil, auf die Baustelle oder Talbahnstation. THE<br>BATH SHOP AG stellt dem K\u00e4ufer eine Transportkostenanteil in Rechnung. Wir bem\u00fchen uns um die<br>Einhaltung der Liefertermine; die Angabe der Liefertermine erfolgt jedoch unverbindlich. Jegliche<br>Schadenersatzanspr\u00fcche wegen Nichteinhaltung von Lieferterminen sind ausgeschlossen. Wenn kein<br>Liefertermin vereinbart wurde, liefern wir die Bestellung aus, sobald diese komplett ist. Sollte sich die<br>Auslieferung Ihrerseits verz\u00f6gern, behalten wir uns vor, den Auftrag zum best\u00e4tigten Datum in Rechnung<br>zu stellen.<br><br><strong>Retoursendungen<\/strong><br>Auf den Gutschriften f\u00fcr Warenr\u00fccknahmen wird ein Abzug entsprechend den entstandenen Umtrieben<br>vorgenommen, mindestens aber 10%. Die R\u00fccknahme von Apparaten setzt das vorg\u00e4ngige schriftliche<br>Einverst\u00e4ndnis von uns voraus. Ware, die vor mehr als drei Monaten geliefert worden ist, kann nicht<br>mehr zur\u00fcckgenommen werden. Dasselbe gilt f\u00fcr besch\u00e4digte und gebrauchte Artikel sowie f\u00fcr<br>Spezialanfertigungen. Es k\u00f6nnen nur Artikel zur\u00fcckgenommen werden, die in unserem aktuellen<br>Lagerprogramm enthalten sind. Die Waren m\u00fcssen in der unbesch\u00e4digten Originalverpackung franko an<br>uns geliefert werden.<br><br><strong>Garantie<\/strong><br>Wir gew\u00e4hren auf allen unseren Produkten 24 Monate Garantie (12 Monate f\u00fcr Metalloberfl\u00e4chen) ab<br>Auslieferungsdatum, unter der Voraussetzung sachgem\u00e4sser Behandlung und Installation durch einen<br>Fachmann. Diese Garantie beschr\u00e4nkt sich auf die kostenlose Instandstellung oder den Ersatz von Teilen,<br>die von uns als defekt anerkannt werden, und schliesst jede weitere Gew\u00e4hrleistung, insbesondere die<br>Haftung f\u00fcr Kosten der Montage oder Demontage sowie f\u00fcr materielle, k\u00f6rperliche und gesch\u00e4ftliche<br>Sch\u00e4den aus.<br><br><strong>Modell-, Preis\u00e4nderungen und Irrtum vorbehalten<\/strong><br>Die Massangaben verstehen sich unter dem Vorbehalt der Werkstoleranzen und nachtr\u00e4glicher<br>\u00c4nderungen. Die Haftung f\u00fcr Folgen fehlerhafter oder unvollst\u00e4ndiger Massangaben ist ausgeschlossen<br>(Art. 100 OR).<\/p>\n\n\n\n<p>Gerichtsstand: Z\u00fcrich.<br><\/p>\n\n\n\n<p>THE BATH SHOP AG<br>Strehlgasse 22<br>CH-8001 Z\u00fcrich<br><\/p>\n\n\n\n<p>April 2021<\/p>\n","protected":false},"excerpt":{"rendered":"<p>Impressum Verantwortlich THE BATH SHOP AGStrehlgasse 22CH-8001 Z\u00fcrich&nbsp; Handelsregister-Nr.:&nbsp;CH-020.3.007.552-2 Gerichtsstand: Z\u00fcrich Kontakt E-Mail: info@the-bath-shop.comInternet: the-bath-shop.com Website Entwicklung und Gestaltung utill.ch Allgemeine Gesch\u00e4ftsbedingungen PreiseAlle Preise sind freibleibend. Unsere Offerten sind 30 Tage ab Ausstellungsdatum g\u00fcltig. EigentumsvorbehaltDie gelieferte Ware bleibt bis zur vollst\u00e4ndigen Bezahlung Eigentum von THE BATH SHOP AG. LieferungDie Lieferung erfolgt per LKW oder Postpaket [&hellip;]<\/p>\n","protected":false},"author":2,"featured_media":0,"parent":0,"menu_order":0,"comment_status":"closed","ping_status":"closed","template":"","meta":{"_acf_changed":false,"footnotes":""},"class_list":["post-86","page","type-page","status-publish","hentry"],"acf":[],"_links":{"self":[{"href":"https:\/\/the-bath-shop.com\/\/wp-json\/wp\/v2\/pages\/86","targetHints":{"allow":["GET"]}}],"collection":[{"href":"https:\/\/the-bath-shop.com\/\/wp-json\/wp\/v2\/pages"}],"about":[{"href":"https:\/\/the-bath-shop.com\/\/wp-json\/wp\/v2\/types\/page"}],"author":[{"embeddable":true,"href":"https:\/\/the-bath-shop.com\/\/wp-json\/wp\/v2\/users\/2"}],"replies":[{"embeddable":true,"href":"https:\/\/the-bath-shop.com\/\/wp-json\/wp\/v2\/comments?post=86"}],"version-history":[{"count":0,"href":"https:\/\/the-bath-shop.com\/\/wp-json\/wp\/v2\/pages\/86\/revisions"}],"wp:attachment":[{"href":"https:\/\/the-bath-shop.com\/\/wp-json\/wp\/v2\/media?parent=86"}],"curies":[{"name":"wp","href":"https:\/\/api.w.org\/{rel}","templated":true}]}}