{"id":3133,"date":"2021-12-06T18:45:05","date_gmt":"2021-12-06T16:45:05","guid":{"rendered":"https:\/\/the-bath-shop.com\/?post_type=product&#038;p=3133"},"modified":"2025-04-01T11:19:20","modified_gmt":"2025-04-01T10:19:20","slug":"universal-abgangsrohr-gebogen-fuer-standklosett","status":"publish","type":"product","link":"https:\/\/the-bath-shop.com\/produkt\/universal-abgangsrohr-gebogen-fuer-standklosett\/","title":{"rendered":"UNIVERSAL Abgangsrohr gebogen f\u00fcr Standklosett"},"content":{"rendered":"<p>Abgangsrohr Kunststoff gebogen 90\u00ba weiss.<\/p>\n<p>Anschluss zum Boden \u00f8 110 mm.<\/p>\n<p>F\u00fcr Toiletten mit \u00f8 100 mm Ausgang.<\/p>\n","protected":false},"excerpt":{"rendered":"<p>Abgangsrohr Kunststoff gebogen 90\u00ba weiss. Anschluss zum Boden \u00f8 110 mm. F\u00fcr Toiletten mit \u00f8 100 mm Ausgang.<\/p>\n","protected":false},"featured_media":3143,"menu_order":187,"template":"","meta":{"_acf_changed":false},"kollektion":[],"product_brand":[],"product_cat":[324,325],"product_tag":[],"class_list":{"0":"post-3133","1":"product","2":"type-product","3":"status-publish","4":"has-post-thumbnail","6":"product_cat-klosetts","7":"product_cat-zubehoer-klosetts","8":"product_shipping_class-ab-lager","10":"first","11":"instock","12":"taxable","13":"shipping-taxable","14":"product-type-grouped"},"acf":{"additional_info_image":"","additional_info_image_label":"","reduced_product":false},"_links":{"self":[{"href":"https:\/\/the-bath-shop.com\/\/wp-json\/wp\/v2\/product\/3133","targetHints":{"allow":["GET"]}}],"collection":[{"href":"https:\/\/the-bath-shop.com\/\/wp-json\/wp\/v2\/product"}],"about":[{"href":"https:\/\/the-bath-shop.com\/\/wp-json\/wp\/v2\/types\/product"}],"wp:featuredmedia":[{"embeddable":true,"href":"https:\/\/the-bath-shop.com\/\/wp-json\/wp\/v2\/media\/3143"}],"wp:attachment":[{"href":"https:\/\/the-bath-shop.com\/\/wp-json\/wp\/v2\/media?parent=3133"}],"wp:term":[{"taxonomy":"kollektion","embeddable":true,"href":"https:\/\/the-bath-shop.com\/\/wp-json\/wp\/v2\/kollektion?post=3133"},{"taxonomy":"product_brand","embeddable":true,"href":"https:\/\/the-bath-shop.com\/\/wp-json\/wp\/v2\/product_brand?post=3133"},{"taxonomy":"product_cat","embeddable":true,"href":"https:\/\/the-bath-shop.com\/\/wp-json\/wp\/v2\/product_cat?post=3133"},{"taxonomy":"product_tag","embeddable":true,"href":"https:\/\/the-bath-shop.com\/\/wp-json\/wp\/v2\/product_tag?post=3133"}],"curies":[{"name":"wp","href":"https:\/\/api.w.org\/{rel}","templated":true}]}}