{"id":3732,"date":"2023-09-30T16:32:55","date_gmt":"2023-09-30T14:32:55","guid":{"rendered":"https:\/\/the-bath-shop.com\/?post_type=product&#038;p=3732"},"modified":"2025-05-23T16:58:14","modified_gmt":"2025-05-23T15:58:14","slug":"deco-wandlavabo-83070","status":"publish","type":"product","link":"https:\/\/the-bath-shop.com\/produkt\/deco-wandlavabo-83070\/","title":{"rendered":"DECO Wandlavabo 45 x 39 cm"},"content":{"rendered":"<p>Kleines Wandlavabo im Art-d\u00e9co-Stil, ideal f\u00fcr G\u00e4stetoiletten.<\/p>\n<p>Erh\u00e4ltlich mit Ein-Loch- oder mit Drei-Loch-Bohrung f\u00fcr die Armatur, oder auch ohne Bohrungen f\u00fcr eine Wandarmatur.<\/p>\n","protected":false},"excerpt":{"rendered":"<p>Kleines Wandlavabo im Art-d\u00e9co-Stil, ideal f\u00fcr G\u00e4stetoiletten. Erh\u00e4ltlich mit Ein-Loch- oder mit Drei-Loch-Bohrung f\u00fcr die Armatur, oder auch ohne Bohrungen f\u00fcr eine Wandarmatur.<\/p>\n","protected":false},"featured_media":3736,"menu_order":75,"template":"","meta":{"_acf_changed":false},"kollektion":[371],"product_brand":[],"product_cat":[31,266,326],"product_tag":[],"class_list":{"0":"post-3732","1":"product","2":"type-product","3":"status-publish","4":"has-post-thumbnail","6":"kollektion-deco","7":"product_cat-lavabos","8":"product_cat-lavabos-einzeln","9":"product_cat-lavabos-klein","10":"product_shipping_class-ab-lager","12":"first","13":"instock","14":"featured","15":"taxable","16":"shipping-taxable","17":"purchasable","18":"product-type-variable"},"acf":{"additional_info_image":"","additional_info_image_label":"","reduced_product":false},"_links":{"self":[{"href":"https:\/\/the-bath-shop.com\/\/wp-json\/wp\/v2\/product\/3732","targetHints":{"allow":["GET"]}}],"collection":[{"href":"https:\/\/the-bath-shop.com\/\/wp-json\/wp\/v2\/product"}],"about":[{"href":"https:\/\/the-bath-shop.com\/\/wp-json\/wp\/v2\/types\/product"}],"wp:featuredmedia":[{"embeddable":true,"href":"https:\/\/the-bath-shop.com\/\/wp-json\/wp\/v2\/media\/3736"}],"wp:attachment":[{"href":"https:\/\/the-bath-shop.com\/\/wp-json\/wp\/v2\/media?parent=3732"}],"wp:term":[{"taxonomy":"kollektion","embeddable":true,"href":"https:\/\/the-bath-shop.com\/\/wp-json\/wp\/v2\/kollektion?post=3732"},{"taxonomy":"product_brand","embeddable":true,"href":"https:\/\/the-bath-shop.com\/\/wp-json\/wp\/v2\/product_brand?post=3732"},{"taxonomy":"product_cat","embeddable":true,"href":"https:\/\/the-bath-shop.com\/\/wp-json\/wp\/v2\/product_cat?post=3732"},{"taxonomy":"product_tag","embeddable":true,"href":"https:\/\/the-bath-shop.com\/\/wp-json\/wp\/v2\/product_tag?post=3732"}],"curies":[{"name":"wp","href":"https:\/\/api.w.org\/{rel}","templated":true}]}}