{"id":4428,"date":"2024-01-29T19:08:55","date_gmt":"2024-01-29T17:08:55","guid":{"rendered":"https:\/\/the-bath-shop.com\/?post_type=product&#038;p=4428"},"modified":"2025-01-21T15:29:52","modified_gmt":"2025-01-21T14:29:52","slug":"palazzo-102-x-55-cm-lavabo-mit-untergestell-81899_81803","status":"publish","type":"product","link":"https:\/\/the-bath-shop.com\/produkt\/palazzo-102-x-55-cm-lavabo-mit-untergestell-81899_81803\/","title":{"rendered":"PALAZZO Lavabo mit Untergestell 102 x 55 cm"},"content":{"rendered":"<p>Diese geschwungene Form aus der Zeit von 1900 bis 1920 wird in traditioneller Manier von Hand in Italien hergestellt, in einer Gegend n\u00f6rdlich von Rom, die f\u00fcr ihre jahrhundertealte Keramikfabrikation ber\u00fchmt ist.<\/p>\n<p>Erh\u00e4ltlich in zwei Gr\u00f6ssen, jeweils mit Ein-Loch- oder mit Drei-Loch-Bohrung f\u00fcr die Armatur.<\/p>\n<p>Die Untergestelle aus der Serie BOULE werden aus bestem Messing in England hergestellt, entweder in der Ausf\u00fchrung Chrom oder Nickel glanz. Falls der Boden uneben ist, lassen sich die Beine bis zu 10 mm k\u00fcrzen. Die St\u00fctzplatte unterhalb des Lavabos kann in der H\u00f6he reguliert werden, um die Herstellungstoleranzen des Lavabos auszugleichen. Unter jedem Fuss hat es einen 10 mm langen Stift, der zur Verankerung im Boden dient. Er kann bei Bedarf gek\u00fcrzt.<\/p>\n","protected":false},"excerpt":{"rendered":"<p>Diese geschwungene Form aus der Zeit von 1900 bis 1920 wird in traditioneller Manier von Hand in Italien hergestellt, in einer Gegend n\u00f6rdlich von Rom, die f\u00fcr ihre jahrhundertealte Keramikfabrikation ber\u00fchmt ist. Erh\u00e4ltlich in zwei Gr\u00f6ssen, jeweils mit Ein-Loch- oder mit Drei-Loch-Bohrung f\u00fcr die Armatur. Die Untergestelle aus der Serie BOULE werden aus bestem Messing [&hellip;]<\/p>\n","protected":false},"featured_media":4432,"menu_order":120,"template":"","meta":{"_acf_changed":false},"kollektion":[376],"product_brand":[],"product_cat":[31,266],"product_tag":[],"class_list":{"0":"post-4428","1":"product","2":"type-product","3":"status-publish","4":"has-post-thumbnail","6":"kollektion-palazzo","7":"product_cat-lavabos","8":"product_cat-lavabos-einzeln","9":"product_shipping_class-keramik-und-chrom-ab-lager-andere-oberflaechen-auf-anfrage","11":"first","12":"instock","13":"taxable","14":"shipping-taxable","15":"product-type-grouped"},"acf":{"additional_info_image":"","additional_info_image_label":"","reduced_product":false},"_links":{"self":[{"href":"https:\/\/the-bath-shop.com\/\/wp-json\/wp\/v2\/product\/4428","targetHints":{"allow":["GET"]}}],"collection":[{"href":"https:\/\/the-bath-shop.com\/\/wp-json\/wp\/v2\/product"}],"about":[{"href":"https:\/\/the-bath-shop.com\/\/wp-json\/wp\/v2\/types\/product"}],"wp:featuredmedia":[{"embeddable":true,"href":"https:\/\/the-bath-shop.com\/\/wp-json\/wp\/v2\/media\/4432"}],"wp:attachment":[{"href":"https:\/\/the-bath-shop.com\/\/wp-json\/wp\/v2\/media?parent=4428"}],"wp:term":[{"taxonomy":"kollektion","embeddable":true,"href":"https:\/\/the-bath-shop.com\/\/wp-json\/wp\/v2\/kollektion?post=4428"},{"taxonomy":"product_brand","embeddable":true,"href":"https:\/\/the-bath-shop.com\/\/wp-json\/wp\/v2\/product_brand?post=4428"},{"taxonomy":"product_cat","embeddable":true,"href":"https:\/\/the-bath-shop.com\/\/wp-json\/wp\/v2\/product_cat?post=4428"},{"taxonomy":"product_tag","embeddable":true,"href":"https:\/\/the-bath-shop.com\/\/wp-json\/wp\/v2\/product_tag?post=4428"}],"curies":[{"name":"wp","href":"https:\/\/api.w.org\/{rel}","templated":true}]}}