{"id":5061,"date":"2024-02-09T17:01:18","date_gmt":"2024-02-09T15:01:18","guid":{"rendered":"https:\/\/the-bath-shop.com\/?post_type=product&#038;p=5061"},"modified":"2025-01-15T16:44:40","modified_gmt":"2025-01-15T15:44:40","slug":"rockwell-wannenarmatur","status":"publish","type":"product","link":"https:\/\/the-bath-shop.com\/produkt\/rockwell-wannenarmatur\/","title":{"rendered":"ROCKWELL Wannenarmatur"},"content":{"rendered":"<p>Diese Wannenarmatur ist sehr gross, gr\u00f6sser als alle anderen die wir anbieten. Sie wird entweder mit Wannenrandrohren oder mit Wandbogen montiert.<\/p>\n<p>Als Lagerartikel bieten wir die Armaturen mit Kreuzgriffen aus Metall an. Zus\u00e4tzlich bieten wir die keramischen Griffe in diversen Farben auch einzeln an, so dass Sie diese nachtr\u00e4glich wechseln k\u00f6nnen. Ebenso kann der Handbrausengriff und der Umsteller auf Wunsch aus Keramik sein. Bitte kontaktieren Sie uns f\u00fcr weitere Informationen.<\/p>\n<p>Verst\u00e4ndlicherweise nur kompatibel mit der Serie ROCKWELL.<\/p>\n<p>F\u00fcr eine komplette Installation ben\u00f6tigt es die Artikel 25300 Wannenarmatur und 25315 Wandbogen-Anschluss 3\/4\" oder 25310 Standrohre f\u00fcr Wannenrandmontage. Die Artikel sind separat zu bestellen.<\/p>\n<p>Anschlussdistanz: 200 mm, ohne Raccords.<\/p>\n<p>Armatur komplett mit Handbrause und 150 cm Schlauch.<\/p>\n","protected":false},"excerpt":{"rendered":"<p>Diese Wannenarmatur ist sehr gross, gr\u00f6sser als alle anderen die wir anbieten. Sie wird entweder mit Wannenrandrohren oder mit Wandbogen montiert. Als Lagerartikel bieten wir die Armaturen mit Kreuzgriffen aus Metall an. Zus\u00e4tzlich bieten wir die keramischen Griffe in diversen Farben auch einzeln an, so dass Sie diese nachtr\u00e4glich wechseln k\u00f6nnen. Ebenso kann der Handbrausengriff [&hellip;]<\/p>\n","protected":false},"featured_media":5062,"menu_order":231,"template":"","meta":{"_acf_changed":false},"kollektion":[381],"product_brand":[],"product_cat":[43,261],"product_tag":[],"class_list":{"0":"post-5061","1":"product","2":"type-product","3":"status-publish","4":"has-post-thumbnail","6":"kollektion-rockwell","7":"product_cat-armaturen","8":"product_cat-wannenarmaturen","9":"product_shipping_class-chrom-ab-lager-andere-oberflaechen-auf-anfrage","11":"first","12":"instock","13":"taxable","14":"shipping-taxable","15":"product-type-grouped"},"acf":{"additional_info_image":"","additional_info_image_label":"","reduced_product":false},"_links":{"self":[{"href":"https:\/\/the-bath-shop.com\/\/wp-json\/wp\/v2\/product\/5061","targetHints":{"allow":["GET"]}}],"collection":[{"href":"https:\/\/the-bath-shop.com\/\/wp-json\/wp\/v2\/product"}],"about":[{"href":"https:\/\/the-bath-shop.com\/\/wp-json\/wp\/v2\/types\/product"}],"wp:featuredmedia":[{"embeddable":true,"href":"https:\/\/the-bath-shop.com\/\/wp-json\/wp\/v2\/media\/5062"}],"wp:attachment":[{"href":"https:\/\/the-bath-shop.com\/\/wp-json\/wp\/v2\/media?parent=5061"}],"wp:term":[{"taxonomy":"kollektion","embeddable":true,"href":"https:\/\/the-bath-shop.com\/\/wp-json\/wp\/v2\/kollektion?post=5061"},{"taxonomy":"product_brand","embeddable":true,"href":"https:\/\/the-bath-shop.com\/\/wp-json\/wp\/v2\/product_brand?post=5061"},{"taxonomy":"product_cat","embeddable":true,"href":"https:\/\/the-bath-shop.com\/\/wp-json\/wp\/v2\/product_cat?post=5061"},{"taxonomy":"product_tag","embeddable":true,"href":"https:\/\/the-bath-shop.com\/\/wp-json\/wp\/v2\/product_tag?post=5061"}],"curies":[{"name":"wp","href":"https:\/\/api.w.org\/{rel}","templated":true}]}}