{"id":5641,"date":"2024-02-20T12:53:58","date_gmt":"2024-02-20T10:53:58","guid":{"rendered":"https:\/\/the-bath-shop.com\/?post_type=product&#038;p=5641"},"modified":"2025-12-30T14:29:20","modified_gmt":"2025-12-30T13:29:20","slug":"rockwell-c-lavabo-auslauf-170-mm-ausladung","status":"publish","type":"product","link":"https:\/\/the-bath-shop.com\/produkt\/rockwell-c-lavabo-auslauf-170-mm-ausladung\/","title":{"rendered":"ROCKWELL Wannenauslauf 170 mm"},"content":{"rendered":"<div id=\"-product-description-93-5145\" class=\"oxy-product-description oxy-woo-element\">\n<p>Die flachen Ausl\u00e4ufe der Lavaboarmaturen eignen sich ebenfalls hervorragend f\u00fcr Wannen. Dieser Auslauf gibt es in zwei L\u00e4ngen. Die l\u00e4ngere Variante finden Sie weiter unten.<\/p>\n<p>Anschluss: 3\/4\"<\/p>\n<\/div>\n","protected":false},"excerpt":{"rendered":"<p>Die flachen Ausl\u00e4ufe der Lavaboarmaturen eignen sich ebenfalls hervorragend f\u00fcr Wannen. Dieser Auslauf gibt es in zwei L\u00e4ngen. Die l\u00e4ngere Variante finden Sie weiter unten. Anschluss: 3\/4\"<\/p>\n","protected":false},"featured_media":4766,"menu_order":245,"template":"","meta":{"_acf_changed":false},"kollektion":[381],"product_brand":[],"product_cat":[43,261],"product_tag":[],"class_list":{"0":"post-5641","1":"product","2":"type-product","3":"status-publish","4":"has-post-thumbnail","6":"kollektion-rockwell","7":"product_cat-armaturen","8":"product_cat-wannenarmaturen","9":"product_shipping_class-chrom-ab-lager-andere-oberflaechen-auf-anfrage","11":"first","12":"instock","13":"taxable","14":"shipping-taxable","15":"purchasable","16":"product-type-variable"},"acf":{"additional_info_image":"","additional_info_image_label":"","reduced_product":false},"_links":{"self":[{"href":"https:\/\/the-bath-shop.com\/\/wp-json\/wp\/v2\/product\/5641","targetHints":{"allow":["GET"]}}],"collection":[{"href":"https:\/\/the-bath-shop.com\/\/wp-json\/wp\/v2\/product"}],"about":[{"href":"https:\/\/the-bath-shop.com\/\/wp-json\/wp\/v2\/types\/product"}],"wp:featuredmedia":[{"embeddable":true,"href":"https:\/\/the-bath-shop.com\/\/wp-json\/wp\/v2\/media\/4766"}],"wp:attachment":[{"href":"https:\/\/the-bath-shop.com\/\/wp-json\/wp\/v2\/media?parent=5641"}],"wp:term":[{"taxonomy":"kollektion","embeddable":true,"href":"https:\/\/the-bath-shop.com\/\/wp-json\/wp\/v2\/kollektion?post=5641"},{"taxonomy":"product_brand","embeddable":true,"href":"https:\/\/the-bath-shop.com\/\/wp-json\/wp\/v2\/product_brand?post=5641"},{"taxonomy":"product_cat","embeddable":true,"href":"https:\/\/the-bath-shop.com\/\/wp-json\/wp\/v2\/product_cat?post=5641"},{"taxonomy":"product_tag","embeddable":true,"href":"https:\/\/the-bath-shop.com\/\/wp-json\/wp\/v2\/product_tag?post=5641"}],"curies":[{"name":"wp","href":"https:\/\/api.w.org\/{rel}","templated":true}]}}