{"id":5908,"date":"2024-02-20T17:12:43","date_gmt":"2024-02-20T15:12:43","guid":{"rendered":"https:\/\/the-bath-shop.com\/?post_type=product&#038;p=5908"},"modified":"2025-01-06T16:24:46","modified_gmt":"2025-01-06T15:24:46","slug":"paris-duscharmatur-28330","status":"publish","type":"product","link":"https:\/\/the-bath-shop.com\/produkt\/paris-duscharmatur-28330\/","title":{"rendered":"PARIS Duscharmatur"},"content":{"rendered":"<p>Komplett mit Duschkopf \u00f8 22 cm und Handbrause \u00f8 75 mm mit Porzellangriff. Beide mit Antikalk-Noppen, fixer Wandhalterung f\u00fcr Handbrause und 150 cm Schlauch. Die H\u00f6he ist verstellbar.<br \/>\n&nbsp;<br \/>\nEine Gleitstange ist mit dieser Armatur nicht n\u00f6tig. Wir empfehlen die Handbrausehalterung auf Schulterh\u00f6he zu montieren, damit die Haare beim Duschen nicht nass werden.<br \/>\n&nbsp;<br \/>\nAnschluss: 1\/2'', 150 mm +\/- 10 mm<\/p>\n","protected":false},"excerpt":{"rendered":"<p>Komplett mit Duschkopf \u00f8 22 cm und Handbrause \u00f8 75 mm mit Porzellangriff. Beide mit Antikalk-Noppen, fixer Wandhalterung f\u00fcr Handbrause und 150 cm Schlauch. Die H\u00f6he ist verstellbar. &nbsp; Eine Gleitstange ist mit dieser Armatur nicht n\u00f6tig. Wir empfehlen die Handbrausehalterung auf Schulterh\u00f6he zu montieren, damit die Haare beim Duschen nicht nass werden. &nbsp; Anschluss: [&hellip;]<\/p>\n","protected":false},"featured_media":5885,"menu_order":277,"template":"","meta":{"_acf_changed":false},"kollektion":[377],"product_brand":[],"product_cat":[43,262],"product_tag":[],"class_list":{"0":"post-5908","1":"product","2":"type-product","3":"status-publish","4":"has-post-thumbnail","6":"kollektion-paris","7":"product_cat-armaturen","8":"product_cat-duscharmaturen","10":"first","11":"instock","12":"taxable","13":"shipping-taxable","14":"product-type-grouped"},"acf":{"additional_info_image":"","additional_info_image_label":"","reduced_product":false},"_links":{"self":[{"href":"https:\/\/the-bath-shop.com\/\/wp-json\/wp\/v2\/product\/5908","targetHints":{"allow":["GET"]}}],"collection":[{"href":"https:\/\/the-bath-shop.com\/\/wp-json\/wp\/v2\/product"}],"about":[{"href":"https:\/\/the-bath-shop.com\/\/wp-json\/wp\/v2\/types\/product"}],"wp:featuredmedia":[{"embeddable":true,"href":"https:\/\/the-bath-shop.com\/\/wp-json\/wp\/v2\/media\/5885"}],"wp:attachment":[{"href":"https:\/\/the-bath-shop.com\/\/wp-json\/wp\/v2\/media?parent=5908"}],"wp:term":[{"taxonomy":"kollektion","embeddable":true,"href":"https:\/\/the-bath-shop.com\/\/wp-json\/wp\/v2\/kollektion?post=5908"},{"taxonomy":"product_brand","embeddable":true,"href":"https:\/\/the-bath-shop.com\/\/wp-json\/wp\/v2\/product_brand?post=5908"},{"taxonomy":"product_cat","embeddable":true,"href":"https:\/\/the-bath-shop.com\/\/wp-json\/wp\/v2\/product_cat?post=5908"},{"taxonomy":"product_tag","embeddable":true,"href":"https:\/\/the-bath-shop.com\/\/wp-json\/wp\/v2\/product_tag?post=5908"}],"curies":[{"name":"wp","href":"https:\/\/api.w.org\/{rel}","templated":true}]}}