{"id":6505,"date":"2024-08-05T19:07:08","date_gmt":"2024-08-05T18:07:08","guid":{"rendered":"https:\/\/new.the-bath-shop.com\/?post_type=product&#038;p=6505"},"modified":"2025-01-23T18:02:28","modified_gmt":"2025-01-23T17:02:28","slug":"le-baron-badewanne-gusseisen","status":"publish","type":"product","link":"https:\/\/the-bath-shop.com\/produkt\/le-baron-badewanne-gusseisen\/","title":{"rendered":"LE-BARON Badewanne Gusseisen"},"content":{"rendered":"<p>Je nach Geschmack l\u00e4sst sich die Wanne freistehend in den Raum oder l\u00e4ngs- oder stirnseitig an eine Wand stellen.<\/p>\n<p>Die Wanne und der Sockel sind wie fr\u00fcher aus massivem Gusseisen gefertigt. Die Wanne wird innen weiss emailliert ausgeliefert. Die Aussenseite ist grundiert und sollte bauseits mit einem Radiatorenlack gestrichen werden.<\/p>\n<p>Inhalt: 240 Liter<\/p>\n<p>Zus\u00e4tzlich zur Wanne ben\u00f6tigt es die Ablauf- und \u00dcberlaufgarnitur sowie das Ablaufrohr. Die LE BARON Badewanne ben\u00f6tigt zus\u00e4tzlich das lange \u00dcberlaufrohr 85172 XL \u00dcberlaufrohr.<\/p>\n","protected":false},"excerpt":{"rendered":"<p>178 x 80 cm doppeloval<\/p>\n","protected":false},"featured_media":6506,"menu_order":123,"template":"","meta":{"_acf_changed":false},"kollektion":[370],"product_brand":[],"product_cat":[38,39],"product_tag":[],"class_list":{"0":"post-6505","1":"product","2":"type-product","3":"status-publish","4":"has-post-thumbnail","6":"kollektion-de-la-fonte","7":"product_cat-badewannen","8":"product_cat-gusseisen","10":"first","11":"instock","12":"taxable","13":"shipping-taxable","14":"product-type-grouped"},"acf":{"additional_info_image":"","additional_info_image_label":"","reduced_product":false},"_links":{"self":[{"href":"https:\/\/the-bath-shop.com\/\/wp-json\/wp\/v2\/product\/6505","targetHints":{"allow":["GET"]}}],"collection":[{"href":"https:\/\/the-bath-shop.com\/\/wp-json\/wp\/v2\/product"}],"about":[{"href":"https:\/\/the-bath-shop.com\/\/wp-json\/wp\/v2\/types\/product"}],"wp:featuredmedia":[{"embeddable":true,"href":"https:\/\/the-bath-shop.com\/\/wp-json\/wp\/v2\/media\/6506"}],"wp:attachment":[{"href":"https:\/\/the-bath-shop.com\/\/wp-json\/wp\/v2\/media?parent=6505"}],"wp:term":[{"taxonomy":"kollektion","embeddable":true,"href":"https:\/\/the-bath-shop.com\/\/wp-json\/wp\/v2\/kollektion?post=6505"},{"taxonomy":"product_brand","embeddable":true,"href":"https:\/\/the-bath-shop.com\/\/wp-json\/wp\/v2\/product_brand?post=6505"},{"taxonomy":"product_cat","embeddable":true,"href":"https:\/\/the-bath-shop.com\/\/wp-json\/wp\/v2\/product_cat?post=6505"},{"taxonomy":"product_tag","embeddable":true,"href":"https:\/\/the-bath-shop.com\/\/wp-json\/wp\/v2\/product_tag?post=6505"}],"curies":[{"name":"wp","href":"https:\/\/api.w.org\/{rel}","templated":true}]}}