{"id":6511,"date":"2024-08-05T19:11:38","date_gmt":"2024-08-05T18:11:38","guid":{"rendered":"https:\/\/new.the-bath-shop.com\/?post_type=product&#038;p=6511"},"modified":"2025-05-12T14:46:52","modified_gmt":"2025-05-12T13:46:52","slug":"ablaufgarnituren-ablauf-ueberlaufgarnitur-mit-kette-fuer-wanne","status":"publish","type":"product","link":"https:\/\/the-bath-shop.com\/produkt\/ablaufgarnituren-ablauf-ueberlaufgarnitur-mit-kette-fuer-wanne\/","title":{"rendered":"UNIVERSAL Ablauf-\u00dcberlaufgarnitur mit Kette f\u00fcr Wanne"},"content":{"rendered":"<p>Diese Garnitur passt auf alle unsere Gusseisenwannen.<\/p>\n<p>Der Artikel 85173 Ablaufrohr ist separat zu bestellen.<\/p>\n<p>Der Artikel 85172 XL \u00dcberlaufrohr wird f\u00fcr folgende Wannen Modelle ben\u00f6tigt:<\/p>\n<p>85509.00 ELEPHANT Badewanne Gusseisen<\/p>\n<p>85515.00 LE BARON Badewanne Gusseisen<\/p>\n<p>Anwendungshinweis f\u00fcr Installateure: Der Siphon muss im Boden sein. Wir empfehlen, einen Geberit Varino oder Casa als Bodenablauf zu verwenden und die Wanne \u00fcber den hinteren Auslauf zu speisen.<\/p>\n","protected":false},"excerpt":{"rendered":"<p>Diese Garnitur passt auf alle unsere Gusseisenwannen. Der Artikel 85173 Ablaufrohr ist separat zu bestellen. Der Artikel 85172 XL \u00dcberlaufrohr wird f\u00fcr folgende Wannen Modelle ben\u00f6tigt: 85509.00 ELEPHANT Badewanne Gusseisen 85515.00 LE BARON Badewanne Gusseisen Anwendungshinweis f\u00fcr Installateure: Der Siphon muss im Boden sein. Wir empfehlen, einen Geberit Varino oder Casa als Bodenablauf zu verwenden [&hellip;]<\/p>\n","protected":false},"featured_media":6512,"menu_order":444,"template":"","meta":{"_acf_changed":false},"kollektion":[],"product_brand":[],"product_cat":[306],"product_tag":[],"class_list":{"0":"post-6511","1":"product","2":"type-product","3":"status-publish","4":"has-post-thumbnail","6":"product_cat-ablaufgarnituren","8":"first","9":"instock","10":"taxable","11":"shipping-taxable","12":"product-type-grouped"},"acf":{"additional_info_image":"","additional_info_image_label":"","reduced_product":false},"_links":{"self":[{"href":"https:\/\/the-bath-shop.com\/\/wp-json\/wp\/v2\/product\/6511","targetHints":{"allow":["GET"]}}],"collection":[{"href":"https:\/\/the-bath-shop.com\/\/wp-json\/wp\/v2\/product"}],"about":[{"href":"https:\/\/the-bath-shop.com\/\/wp-json\/wp\/v2\/types\/product"}],"wp:featuredmedia":[{"embeddable":true,"href":"https:\/\/the-bath-shop.com\/\/wp-json\/wp\/v2\/media\/6512"}],"wp:attachment":[{"href":"https:\/\/the-bath-shop.com\/\/wp-json\/wp\/v2\/media?parent=6511"}],"wp:term":[{"taxonomy":"kollektion","embeddable":true,"href":"https:\/\/the-bath-shop.com\/\/wp-json\/wp\/v2\/kollektion?post=6511"},{"taxonomy":"product_brand","embeddable":true,"href":"https:\/\/the-bath-shop.com\/\/wp-json\/wp\/v2\/product_brand?post=6511"},{"taxonomy":"product_cat","embeddable":true,"href":"https:\/\/the-bath-shop.com\/\/wp-json\/wp\/v2\/product_cat?post=6511"},{"taxonomy":"product_tag","embeddable":true,"href":"https:\/\/the-bath-shop.com\/\/wp-json\/wp\/v2\/product_tag?post=6511"}],"curies":[{"name":"wp","href":"https:\/\/api.w.org\/{rel}","templated":true}]}}