{"id":6563,"date":"2024-08-06T09:55:01","date_gmt":"2024-08-06T08:55:01","guid":{"rendered":"https:\/\/new.the-bath-shop.com\/?post_type=product&#038;p=6563"},"modified":"2025-05-14T11:45:13","modified_gmt":"2025-05-14T10:45:13","slug":"rockwell-badewanne-kunststoff-vitrite","status":"publish","type":"product","link":"https:\/\/the-bath-shop.com\/produkt\/rockwell-badewanne-kunststoff-vitrite\/","title":{"rendered":"ROCKWELL Badewanne Vitrite"},"content":{"rendered":"<p>Diese Wanne ist eine Kopie einer keramischen Wanne aus der Zeit um 1930.<\/p>\n<p>Gefertigt wird sie in England aus Vitrite\u2122, einem widerstandsf\u00e4higen Werkstoff aus Stein, Mineralien und Harz. Das Material ist durchgef\u00e4rbt. Vitrite\u2122 ist komplett formstabil. Es ist viel h\u00e4rter und um einiges schwerer als Acryl, das f\u00fcr handels\u00fcbliche Wannen eingesetzt wird. Die ROCKWELL Wanne wiegt ganze 120 kg, was ihr eine hohe Wertigkeit verleiht.<\/p>\n<p>Vitrite\u2122 ist ein behagliches Material, das die W\u00e4rme des Wassers gut speichert. Dank der glatten Oberfl\u00e4che k\u00f6nnen sich keine Verschmutzungen festsetzen. Zur Reinigung gen\u00fcgt warmes Seifenwasser.<\/p>\n<p>F\u00fcr eine komplette Installation ben\u00f6tigt es die Wanne, die Ablauf-\u00dcberlaufgarnitur sowie das Adapterset f\u00fcr die Schweiz.<\/p>\n<p>Der Ablauf und der \u00dcberlauf m\u00fcssen separat im Boden siphoniert werden, hierzu ist eine Montage\u00f6ffnung unter der Wanne n\u00f6tig.<\/p>\n","protected":false},"excerpt":{"rendered":"<p>Diese Wanne ist eine Kopie einer keramischen Wanne aus der Zeit um 1930. Gefertigt wird sie in England aus Vitrite\u2122, einem widerstandsf\u00e4higen Werkstoff aus Stein, Mineralien und Harz. Das Material ist durchgef\u00e4rbt. Vitrite\u2122 ist komplett formstabil. Es ist viel h\u00e4rter und um einiges schwerer als Acryl, das f\u00fcr handels\u00fcbliche Wannen eingesetzt wird. Die ROCKWELL Wanne [&hellip;]<\/p>\n","protected":false},"featured_media":8596,"menu_order":129,"template":"","meta":{"_acf_changed":false},"kollektion":[386],"product_brand":[],"product_cat":[38,40],"product_tag":[],"class_list":{"0":"post-6563","1":"product","2":"type-product","3":"status-publish","4":"has-post-thumbnail","6":"kollektion-vitrite","7":"product_cat-badewannen","8":"product_cat-vitrite","10":"first","11":"instock","12":"taxable","13":"shipping-taxable","14":"product-type-grouped"},"acf":{"additional_info_image":"","additional_info_image_label":"","reduced_product":false},"_links":{"self":[{"href":"https:\/\/the-bath-shop.com\/\/wp-json\/wp\/v2\/product\/6563","targetHints":{"allow":["GET"]}}],"collection":[{"href":"https:\/\/the-bath-shop.com\/\/wp-json\/wp\/v2\/product"}],"about":[{"href":"https:\/\/the-bath-shop.com\/\/wp-json\/wp\/v2\/types\/product"}],"wp:featuredmedia":[{"embeddable":true,"href":"https:\/\/the-bath-shop.com\/\/wp-json\/wp\/v2\/media\/8596"}],"wp:attachment":[{"href":"https:\/\/the-bath-shop.com\/\/wp-json\/wp\/v2\/media?parent=6563"}],"wp:term":[{"taxonomy":"kollektion","embeddable":true,"href":"https:\/\/the-bath-shop.com\/\/wp-json\/wp\/v2\/kollektion?post=6563"},{"taxonomy":"product_brand","embeddable":true,"href":"https:\/\/the-bath-shop.com\/\/wp-json\/wp\/v2\/product_brand?post=6563"},{"taxonomy":"product_cat","embeddable":true,"href":"https:\/\/the-bath-shop.com\/\/wp-json\/wp\/v2\/product_cat?post=6563"},{"taxonomy":"product_tag","embeddable":true,"href":"https:\/\/the-bath-shop.com\/\/wp-json\/wp\/v2\/product_tag?post=6563"}],"curies":[{"name":"wp","href":"https:\/\/api.w.org\/{rel}","templated":true}]}}