{"id":7063,"date":"2024-10-22T21:40:39","date_gmt":"2024-10-22T20:40:39","guid":{"rendered":"https:\/\/new.the-bath-shop.com\/?post_type=product&#038;p=7063"},"modified":"2026-02-20T13:57:29","modified_gmt":"2026-02-20T12:57:29","slug":"stand-etagengestell-quadratisch","status":"publish","type":"product","link":"https:\/\/the-bath-shop.com\/produkt\/stand-etagengestell-quadratisch\/","title":{"rendered":"STAND Etagengestell quadratisch, 35 x 35 cm"},"content":{"rendered":"<p>Standfestes Glasgestell. Die F\u00fcsse k\u00f6nnen in der H\u00f6he reguliert werden, um kleine Bodenunebenheiten auszugleichen. In den F\u00fcssen ist weisser Gummi eingelassen, der keine Spuren auf dem Boden hinterl\u00e4sst.<\/p>\n","protected":false},"excerpt":{"rendered":"<p>Standfestes Glasgestell. Die F\u00fcsse k\u00f6nnen in der H\u00f6he reguliert werden, um kleine Bodenunebenheiten auszugleichen. In den F\u00fcssen ist weisser Gummi eingelassen, der keine Spuren auf dem Boden hinterl\u00e4sst.<\/p>\n","protected":false},"featured_media":7064,"menu_order":424,"template":"","meta":{"_acf_changed":false},"kollektion":[],"product_brand":[],"product_cat":[16],"product_tag":[],"class_list":{"0":"post-7063","1":"product","2":"type-product","3":"status-publish","4":"has-post-thumbnail","6":"product_cat-unkategorisiert","7":"product_shipping_class-chrom-ab-lager-andere-oberflaechen-auf-anfrage","9":"first","10":"instock","11":"taxable","12":"shipping-taxable","13":"purchasable","14":"product-type-variable"},"acf":{"additional_info_image":"","additional_info_image_label":"","reduced_product":false},"_links":{"self":[{"href":"https:\/\/the-bath-shop.com\/\/wp-json\/wp\/v2\/product\/7063","targetHints":{"allow":["GET"]}}],"collection":[{"href":"https:\/\/the-bath-shop.com\/\/wp-json\/wp\/v2\/product"}],"about":[{"href":"https:\/\/the-bath-shop.com\/\/wp-json\/wp\/v2\/types\/product"}],"wp:featuredmedia":[{"embeddable":true,"href":"https:\/\/the-bath-shop.com\/\/wp-json\/wp\/v2\/media\/7064"}],"wp:attachment":[{"href":"https:\/\/the-bath-shop.com\/\/wp-json\/wp\/v2\/media?parent=7063"}],"wp:term":[{"taxonomy":"kollektion","embeddable":true,"href":"https:\/\/the-bath-shop.com\/\/wp-json\/wp\/v2\/kollektion?post=7063"},{"taxonomy":"product_brand","embeddable":true,"href":"https:\/\/the-bath-shop.com\/\/wp-json\/wp\/v2\/product_brand?post=7063"},{"taxonomy":"product_cat","embeddable":true,"href":"https:\/\/the-bath-shop.com\/\/wp-json\/wp\/v2\/product_cat?post=7063"},{"taxonomy":"product_tag","embeddable":true,"href":"https:\/\/the-bath-shop.com\/\/wp-json\/wp\/v2\/product_tag?post=7063"}],"curies":[{"name":"wp","href":"https:\/\/api.w.org\/{rel}","templated":true}]}}