{"id":7384,"date":"2025-01-06T17:44:57","date_gmt":"2025-01-06T16:44:57","guid":{"rendered":"https:\/\/new.the-bath-shop.com\/?post_type=product&#038;p=7384"},"modified":"2025-06-23T16:43:45","modified_gmt":"2025-06-23T15:43:45","slug":"tube-vorhangstange-1200mm","status":"publish","type":"product","link":"https:\/\/the-bath-shop.com\/produkt\/tube-vorhangstange-1200mm\/","title":{"rendered":"TUBE Vorhangstange"},"content":{"rendered":"<p>Die TUBE Vorhangstange ist aus massivem Messing gefertigt und in drei L\u00e4ngen erh\u00e4ltlich. Die Stangen sind k\u00fcrzbar.<\/p>\n<p>F\u00fcr ein komplettes Set, ben\u00f6tigt es zwei Wandflansch und eine Stange. Die Artikel sind separat zu bestellen.<\/p>\n<p>Der Vorhang sollte ca. 50 Prozent breiter als die Stange sein. In der Regel ben\u00f6tigt der Vorhang alle 15 cm einen Vorhangring.<\/p>\n","protected":false},"excerpt":{"rendered":"<p>Die TUBE Vorhangstange ist aus massivem Messing gefertigt und in drei L\u00e4ngen erh\u00e4ltlich. Die Stangen sind k\u00fcrzbar. F\u00fcr ein komplettes Set, ben\u00f6tigt es zwei Wandflansch und eine Stange. Die Artikel sind separat zu bestellen. Der Vorhang sollte ca. 50 Prozent breiter als die Stange sein. In der Regel ben\u00f6tigt der Vorhang alle 15 cm einen [&hellip;]<\/p>\n","protected":false},"featured_media":7385,"menu_order":72,"template":"","meta":{"_acf_changed":false},"kollektion":[385],"product_brand":[],"product_cat":[46,328,292],"product_tag":[],"class_list":{"0":"post-7384","1":"product","2":"type-product","3":"status-publish","4":"has-post-thumbnail","6":"kollektion-universal","7":"product_cat-accessoires","8":"product_cat-badewannen-accessoires","9":"product_cat-duschvorhangstangen","10":"product_shipping_class-chrom-ab-lager-andere-oberflaechen-auf-anfrage","12":"first","13":"instock","14":"taxable","15":"shipping-taxable","16":"product-type-grouped"},"acf":{"additional_info_image":"","additional_info_image_label":"","reduced_product":false},"_links":{"self":[{"href":"https:\/\/the-bath-shop.com\/\/wp-json\/wp\/v2\/product\/7384","targetHints":{"allow":["GET"]}}],"collection":[{"href":"https:\/\/the-bath-shop.com\/\/wp-json\/wp\/v2\/product"}],"about":[{"href":"https:\/\/the-bath-shop.com\/\/wp-json\/wp\/v2\/types\/product"}],"wp:featuredmedia":[{"embeddable":true,"href":"https:\/\/the-bath-shop.com\/\/wp-json\/wp\/v2\/media\/7385"}],"wp:attachment":[{"href":"https:\/\/the-bath-shop.com\/\/wp-json\/wp\/v2\/media?parent=7384"}],"wp:term":[{"taxonomy":"kollektion","embeddable":true,"href":"https:\/\/the-bath-shop.com\/\/wp-json\/wp\/v2\/kollektion?post=7384"},{"taxonomy":"product_brand","embeddable":true,"href":"https:\/\/the-bath-shop.com\/\/wp-json\/wp\/v2\/product_brand?post=7384"},{"taxonomy":"product_cat","embeddable":true,"href":"https:\/\/the-bath-shop.com\/\/wp-json\/wp\/v2\/product_cat?post=7384"},{"taxonomy":"product_tag","embeddable":true,"href":"https:\/\/the-bath-shop.com\/\/wp-json\/wp\/v2\/product_tag?post=7384"}],"curies":[{"name":"wp","href":"https:\/\/api.w.org\/{rel}","templated":true}]}}