{"id":7412,"date":"2025-01-06T18:34:27","date_gmt":"2025-01-06T17:34:27","guid":{"rendered":"https:\/\/new.the-bath-shop.com\/?post_type=product&#038;p=7412"},"modified":"2025-04-17T06:03:29","modified_gmt":"2025-04-17T05:03:29","slug":"tube-vorhangstange-oval","status":"publish","type":"product","link":"https:\/\/the-bath-shop.com\/produkt\/tube-vorhangstange-oval\/","title":{"rendered":"TUBE Vorhangstange Oval"},"content":{"rendered":"<p>Vorhangstange oval komplett mit zwei Deckenhalterungen aus massivem Messing.<\/p>\n<p>Wir empfehlen zwei, je 240 cm breite Vorh\u00e4nge, zu verwenden. Je nach Fabrikat werden daf\u00fcr zusammen rund 34 Vorhangringe ben\u00f6tigt.<\/p>\n<p>Die Deckenhalterungen k\u00f6nnen nicht gek\u00fcrzt werden.<\/p>\n","protected":false},"excerpt":{"rendered":"<p>Vorhangstange oval komplett mit zwei Deckenhalterungen aus massivem Messing. Wir empfehlen zwei, je 240 cm breite Vorh\u00e4nge, zu verwenden. Je nach Fabrikat werden daf\u00fcr zusammen rund 34 Vorhangringe ben\u00f6tigt. Die Deckenhalterungen k\u00f6nnen nicht gek\u00fcrzt werden.<\/p>\n","protected":false},"featured_media":7413,"menu_order":73,"template":"","meta":{"_acf_changed":false},"kollektion":[385],"product_brand":[],"product_cat":[46,328,292],"product_tag":[],"class_list":{"0":"post-7412","1":"product","2":"type-product","3":"status-publish","4":"has-post-thumbnail","6":"kollektion-universal","7":"product_cat-accessoires","8":"product_cat-badewannen-accessoires","9":"product_cat-duschvorhangstangen","10":"product_shipping_class-chrom-ab-lager-andere-oberflaechen-auf-anfrage","12":"first","13":"instock","14":"taxable","15":"shipping-taxable","16":"product-type-grouped"},"acf":{"additional_info_image":"","additional_info_image_label":"","reduced_product":false},"_links":{"self":[{"href":"https:\/\/the-bath-shop.com\/\/wp-json\/wp\/v2\/product\/7412","targetHints":{"allow":["GET"]}}],"collection":[{"href":"https:\/\/the-bath-shop.com\/\/wp-json\/wp\/v2\/product"}],"about":[{"href":"https:\/\/the-bath-shop.com\/\/wp-json\/wp\/v2\/types\/product"}],"wp:featuredmedia":[{"embeddable":true,"href":"https:\/\/the-bath-shop.com\/\/wp-json\/wp\/v2\/media\/7413"}],"wp:attachment":[{"href":"https:\/\/the-bath-shop.com\/\/wp-json\/wp\/v2\/media?parent=7412"}],"wp:term":[{"taxonomy":"kollektion","embeddable":true,"href":"https:\/\/the-bath-shop.com\/\/wp-json\/wp\/v2\/kollektion?post=7412"},{"taxonomy":"product_brand","embeddable":true,"href":"https:\/\/the-bath-shop.com\/\/wp-json\/wp\/v2\/product_brand?post=7412"},{"taxonomy":"product_cat","embeddable":true,"href":"https:\/\/the-bath-shop.com\/\/wp-json\/wp\/v2\/product_cat?post=7412"},{"taxonomy":"product_tag","embeddable":true,"href":"https:\/\/the-bath-shop.com\/\/wp-json\/wp\/v2\/product_tag?post=7412"}],"curies":[{"name":"wp","href":"https:\/\/api.w.org\/{rel}","templated":true}]}}