{"id":8132,"date":"2025-03-28T17:07:18","date_gmt":"2025-03-28T16:07:18","guid":{"rendered":"https:\/\/new.the-bath-shop.com\/?post_type=product&#038;p=8132"},"modified":"2025-06-23T16:44:36","modified_gmt":"2025-06-23T15:44:36","slug":"stand-etagengestell","status":"publish","type":"product","link":"https:\/\/the-bath-shop.com\/produkt\/stand-etagengestell\/","title":{"rendered":"STAND Etagengestell"},"content":{"rendered":"<p>Standfestes Glasgestell. Die F\u00fcsse k\u00f6nnen in der H\u00f6he reguliert werden, um kleine Bodenunebenheiten auszugleichen. In den F\u00fcssen ist weisser Gummi eingelassen, der keine Spuren auf dem Boden hinterl\u00e4sst.<\/p>\n<p>Erh\u00e4ltlich in zwei Gr\u00f6ssen. Die Etagengestelle sind 83.5 cm hoch.<\/p>\n","protected":false},"excerpt":{"rendered":"<p>Standfestes Glasgestell. Die F\u00fcsse k\u00f6nnen in der H\u00f6he reguliert werden, um kleine Bodenunebenheiten auszugleichen. In den F\u00fcssen ist weisser Gummi eingelassen, der keine Spuren auf dem Boden hinterl\u00e4sst. Erh\u00e4ltlich in zwei Gr\u00f6ssen. Die Etagengestelle sind 83.5 cm hoch.<\/p>\n","protected":false},"featured_media":7064,"menu_order":64,"template":"","meta":{"_acf_changed":false},"kollektion":[385],"product_brand":[],"product_cat":[46,281],"product_tag":[],"class_list":{"0":"post-8132","1":"product","2":"type-product","3":"status-publish","4":"has-post-thumbnail","6":"kollektion-universal","7":"product_cat-accessoires","8":"product_cat-etagengestelle","9":"product_shipping_class-chrom-ab-lager-andere-oberflaechen-auf-anfrage","11":"first","12":"instock","13":"taxable","14":"shipping-taxable","15":"product-type-grouped"},"acf":{"additional_info_image":"","additional_info_image_label":"","reduced_product":false},"_links":{"self":[{"href":"https:\/\/the-bath-shop.com\/\/wp-json\/wp\/v2\/product\/8132","targetHints":{"allow":["GET"]}}],"collection":[{"href":"https:\/\/the-bath-shop.com\/\/wp-json\/wp\/v2\/product"}],"about":[{"href":"https:\/\/the-bath-shop.com\/\/wp-json\/wp\/v2\/types\/product"}],"wp:featuredmedia":[{"embeddable":true,"href":"https:\/\/the-bath-shop.com\/\/wp-json\/wp\/v2\/media\/7064"}],"wp:attachment":[{"href":"https:\/\/the-bath-shop.com\/\/wp-json\/wp\/v2\/media?parent=8132"}],"wp:term":[{"taxonomy":"kollektion","embeddable":true,"href":"https:\/\/the-bath-shop.com\/\/wp-json\/wp\/v2\/kollektion?post=8132"},{"taxonomy":"product_brand","embeddable":true,"href":"https:\/\/the-bath-shop.com\/\/wp-json\/wp\/v2\/product_brand?post=8132"},{"taxonomy":"product_cat","embeddable":true,"href":"https:\/\/the-bath-shop.com\/\/wp-json\/wp\/v2\/product_cat?post=8132"},{"taxonomy":"product_tag","embeddable":true,"href":"https:\/\/the-bath-shop.com\/\/wp-json\/wp\/v2\/product_tag?post=8132"}],"curies":[{"name":"wp","href":"https:\/\/api.w.org\/{rel}","templated":true}]}}