{"id":8305,"date":"2025-04-02T16:30:46","date_gmt":"2025-04-02T15:30:46","guid":{"rendered":"https:\/\/new.the-bath-shop.com\/?post_type=product&#038;p=8305"},"modified":"2026-03-03T14:41:48","modified_gmt":"2026-03-03T13:41:48","slug":"jackson-lavabo-48-x-30-cm","status":"publish","type":"product","link":"https:\/\/the-bath-shop.com\/produkt\/jackson-lavabo-48-x-30-cm\/","title":{"rendered":"JACKSON Lavabo 48 x 30 cm"},"content":{"rendered":"<p>Das JACKSON Handwaschbecken eigent sich f\u00fcr G\u00e4stetoiletten oder bei engen Platzverh\u00e4ltnissen.<\/p>\n<p>Das Lavabo ist erh\u00e4ltlich, wie abgebildet, ohne Bohrloch f\u00fcr eine Wandarmatur. Auch erh\u00e4ltlich mit mit einem Bohrloch rechts f\u00fcr einen Kaltwasser-Standventil. Die Variante mit zwei Bohrl\u00f6cher ist traditionell \"Englisch\" mit separaten Warm- und Kaltwasserstandventilen.<\/p>\n<p>Die abgebildete Wandarmatur ist aus unserer Serie ROCKWELL, die Ausladung betr\u00e4gt 130 mm. Die Armatur finden Sie weiter unten.<\/p>\n<p>Dieses Wandbecken ist in allen JACKSON Farben erh\u00e4ltlich, der Aufpreis betr\u00e4gt CHF 170.00.<\/p>\n","protected":false},"excerpt":{"rendered":"<p>Das JACKSON Handwaschbecken eigent sich f\u00fcr G\u00e4stetoiletten oder bei engen Platzverh\u00e4ltnissen. Das Lavabo ist erh\u00e4ltlich, wie abgebildet, ohne Bohrloch f\u00fcr eine Wandarmatur. Auch erh\u00e4ltlich mit mit einem Bohrloch rechts f\u00fcr einen Kaltwasser-Standventil. Die Variante mit zwei Bohrl\u00f6cher ist traditionell \"Englisch\" mit separaten Warm- und Kaltwasserstandventilen. Die abgebildete Wandarmatur ist aus unserer Serie ROCKWELL, die Ausladung [&hellip;]<\/p>\n","protected":false},"featured_media":3701,"menu_order":11,"template":"","meta":{"_acf_changed":false},"kollektion":[374],"product_brand":[],"product_cat":[31,266,326],"product_tag":[],"class_list":{"0":"post-8305","1":"product","2":"type-product","3":"status-publish","4":"has-post-thumbnail","6":"kollektion-jackson","7":"product_cat-lavabos","8":"product_cat-lavabos-einzeln","9":"product_cat-lavabos-klein","10":"product_shipping_class-weiss-ab-lager-farben-auf-anfrage","12":"first","13":"instock","14":"taxable","15":"shipping-taxable","16":"product-type-grouped"},"acf":{"additional_info_image":"","additional_info_image_label":"","reduced_product":false},"_links":{"self":[{"href":"https:\/\/the-bath-shop.com\/\/wp-json\/wp\/v2\/product\/8305","targetHints":{"allow":["GET"]}}],"collection":[{"href":"https:\/\/the-bath-shop.com\/\/wp-json\/wp\/v2\/product"}],"about":[{"href":"https:\/\/the-bath-shop.com\/\/wp-json\/wp\/v2\/types\/product"}],"wp:featuredmedia":[{"embeddable":true,"href":"https:\/\/the-bath-shop.com\/\/wp-json\/wp\/v2\/media\/3701"}],"wp:attachment":[{"href":"https:\/\/the-bath-shop.com\/\/wp-json\/wp\/v2\/media?parent=8305"}],"wp:term":[{"taxonomy":"kollektion","embeddable":true,"href":"https:\/\/the-bath-shop.com\/\/wp-json\/wp\/v2\/kollektion?post=8305"},{"taxonomy":"product_brand","embeddable":true,"href":"https:\/\/the-bath-shop.com\/\/wp-json\/wp\/v2\/product_brand?post=8305"},{"taxonomy":"product_cat","embeddable":true,"href":"https:\/\/the-bath-shop.com\/\/wp-json\/wp\/v2\/product_cat?post=8305"},{"taxonomy":"product_tag","embeddable":true,"href":"https:\/\/the-bath-shop.com\/\/wp-json\/wp\/v2\/product_tag?post=8305"}],"curies":[{"name":"wp","href":"https:\/\/api.w.org\/{rel}","templated":true}]}}