{"id":9159,"date":"2026-02-13T09:34:09","date_gmt":"2026-02-13T08:34:09","guid":{"rendered":"https:\/\/the-bath-shop.com\/?post_type=product&#038;p=9159"},"modified":"2026-02-13T09:38:47","modified_gmt":"2026-02-13T08:38:47","slug":"sinclair-beispiel-traditioneller-mischer-fuer-bad-und-dusche","status":"publish","type":"product","link":"https:\/\/the-bath-shop.com\/produkt\/sinclair-beispiel-traditioneller-mischer-fuer-bad-und-dusche\/","title":{"rendered":"SINCLAIR Beispiel: Traditioneller Mischer f\u00fcr Bad und Dusche"},"content":{"rendered":"<p>Die gew\u00fcnschte Temperatur wird traditionell mit separatem Kalt- und Warmwasser eingestellt. Hierzu ist ein 2-Weg-Umsteller f\u00fcr die Handbrause erh\u00e4ltlich. F\u00fcr eine komplette Installation braucht es die Artikel 28401 (2 Stk.), 28420 (1 Stk.) und 29410 (3 Stk.).<\/p>\n<p>Die Installation wird wahlweise mit entsprechenden Elementen aus der Serie SINCLAIR komplettiert. Beispielsweise mit den Artikeln: <a href=\"https:\/\/the-bath-shop.com\/produkt\/sinclair-handbrauseset-mit-fixer-halterung\/\">29530 SINCLAIR Handbrauseset mit fixer Halterung<\/a> und <a href=\"https:\/\/the-bath-shop.com\/produkt\/paris-wanddusche-28560\/\">28560 PARIS\/SINCLAIR Wanddusche<\/a>.<\/p>\n","protected":false},"excerpt":{"rendered":"<p>Die gew\u00fcnschte Temperatur wird traditionell mit separatem Kalt- und Warmwasser eingestellt. Hierzu ist ein 2-Weg-Umsteller f\u00fcr die Handbrause erh\u00e4ltlich. F\u00fcr eine komplette Installation braucht es die Artikel 28401 (2 Stk.), 28420 (1 Stk.) und 29410 (3 Stk.). Die Installation wird wahlweise mit entsprechenden Elementen aus der Serie SINCLAIR komplettiert. Beispielsweise mit den Artikeln: 29530 SINCLAIR [&hellip;]<\/p>\n","protected":false},"featured_media":9160,"menu_order":251,"template":"","meta":{"_acf_changed":false},"kollektion":[387],"product_brand":[],"product_cat":[43,262],"product_tag":[],"class_list":{"0":"post-9159","1":"product","2":"type-product","3":"status-publish","4":"has-post-thumbnail","6":"kollektion-sinclair","7":"product_cat-armaturen","8":"product_cat-duscharmaturen","10":"first","11":"instock","12":"taxable","13":"shipping-taxable","14":"product-type-grouped"},"acf":{"additional_info_image":"","additional_info_image_label":"","reduced_product":false},"_links":{"self":[{"href":"https:\/\/the-bath-shop.com\/\/wp-json\/wp\/v2\/product\/9159","targetHints":{"allow":["GET"]}}],"collection":[{"href":"https:\/\/the-bath-shop.com\/\/wp-json\/wp\/v2\/product"}],"about":[{"href":"https:\/\/the-bath-shop.com\/\/wp-json\/wp\/v2\/types\/product"}],"wp:featuredmedia":[{"embeddable":true,"href":"https:\/\/the-bath-shop.com\/\/wp-json\/wp\/v2\/media\/9160"}],"wp:attachment":[{"href":"https:\/\/the-bath-shop.com\/\/wp-json\/wp\/v2\/media?parent=9159"}],"wp:term":[{"taxonomy":"kollektion","embeddable":true,"href":"https:\/\/the-bath-shop.com\/\/wp-json\/wp\/v2\/kollektion?post=9159"},{"taxonomy":"product_brand","embeddable":true,"href":"https:\/\/the-bath-shop.com\/\/wp-json\/wp\/v2\/product_brand?post=9159"},{"taxonomy":"product_cat","embeddable":true,"href":"https:\/\/the-bath-shop.com\/\/wp-json\/wp\/v2\/product_cat?post=9159"},{"taxonomy":"product_tag","embeddable":true,"href":"https:\/\/the-bath-shop.com\/\/wp-json\/wp\/v2\/product_tag?post=9159"}],"curies":[{"name":"wp","href":"https:\/\/api.w.org\/{rel}","templated":true}]}}